Suppose 3*z = 2*q + 160537, z - 26223 - 27276 = 4*q. What is the thousands digit of z?
3
Let j be (2/(-3))/((-2)/(-3)). Let r be -45 - (-1 - 3 - j). Let d = r - -74. What is the units digit of d?
2
Let p(m) = -m**3 + 51*m**2 - 212*m + 154. What is the thousands digit of p(43)?
5
Suppose 50743 - 16696 = 12*h - 24633. What is the units digit of h?
0
Let t be (-1 + 0 + 3)*714/84. Suppose -w + t*f - 22*f = -1334, -2*f - 2620 = -2*w. What is the units digit of w?
4
Let i(n) = n**3 - 3*n**2 - n + 12. Let g = -96 + 112. Let u be 1 + g/(-4)*-1. What is the units digit of i(u)?
7
Let g be (-1 - (-2 - -5)) + 15/3. Suppose q = 2*d + g, 3*d + d - 64 = -4*q. What is the units digit of q?
1
Suppose 5*g + 4*b = 75594, -92*b = 4*g - 95*b - 60500. What is the hundreds digit of g?
1
Suppose w - 297 = 5*w - 3*z, 0 = 4*w - 5*z + 295. Let i = 303 - w. Let y = i + -265. What is the tens digit of y?
1
Suppose -12 = -4*k, -h - 4*k = k - 2026. Suppose 3*r - h = -826. What is the hundreds digit of r?
3
Let j = 2552 - 1821. Suppose 5*a + 945 = 5*y, j - 164 = 3*y + 4*a. What is the tens digit of y?
8
Suppose -r + 4*r - 14814 = -3*z, -z = 4*r - 4947. Suppose z = 23*i - 2*i. What is the hundreds digit of i?
2
Let o = 3 + 18. Let j = o + -13. What is the units digit of j*-39*(-3)/18*2?
4
Let k be (16/(-12))/(10/(-15)). Let y(w) = 297 - 3*w - 316 - w**k + 32*w. What is the tens digit of y(13)?
8
Let f(z) = 2*z**3 + 7*z**2 - 5*z - 12. Let c be f(-3). Let k(l) = -9 + 5*l**2 - 5 - 2*l**2 - 24*l - 1. What is the units digit of k(c)?
9
Let h(j) = j**3 + 2*j**2 - 4*j + 1. Let w = 85 - 84. Let b be h(w). Suppose b = -9*n + 905 - 14. What is the units digit of n?
9
Let k(a) = a**2 - 10*a + 11. Let t be k(9). Suppose -t*q + 10 = -0*q + 4*s, 12 = 5*q - 3*s. Suppose -g = q*g - 552. What is the units digit of g?
8
Let h be ((-60)/(-16) - 4) + (-2050)/(-8). Let f = -1013 + 1872. Suppose 9*s - f = -h. What is the units digit of s?
7
Let q(a) = 423*a**2 - 65*a - 753. What is the hundreds digit of q(-11)?
1
Let x(s) be the third derivative of -s**6/120 + s**5/6 + s**4/6 - 13*s**3/6 - s**2. Suppose -157*d + 577 = -365. What is the hundreds digit of x(d)?
1
Suppose 194 = -2*v - 49*w + 48*w, 0 = 2*v + 2*w + 190. Suppose 3*o = -3*b + 402, -o - 4*b - 298 = -3*o. Let g = o + v. What is the tens digit of g?
4
Let k(u) = -u**3 - 4*u**2 - u - 3. Let g be k(-5). Suppose 30*q - g*q = 483. Let d = -30 + q. What is the tens digit of d?
3
Let o(j) = -j**2 + 4*j + 74. Let n be o(8). Suppose 52073 + 5215 = n*k. What is the thousands digit of k?
1
Suppose 0 = 13*w - 787619 + 274574. What is the units digit of w?
5
What is the tens digit of 1 + 2699 - (3542/23)/22?
9
Suppose 8*h + 113160 = 5*t + 3*h, 4*h - 45288 = -2*t. What is the thousands digit of t?
2
Let z(h) = -120*h - 137. Let s be z(-11). Suppose -3*b + 553 = n, 3*n + 5*b - s - 472 = 0. What is the units digit of n?
0
Let b(n) = 277*n**3 - 13*n**2 + 10*n + 16. Let o(h) = -185*h**3 + 9*h**2 - 7*h - 11. Let q(f) = 5*b(f) + 7*o(f). What is the tens digit of q(2)?
1
What is the units digit of (-240)/(-2)*(-39 + 25284/126)?
0
Suppose 4*d = -k + 108762, 4*k = 585*d - 589*d + 108756. What is the tens digit of d?
9
Let s = 1 + 3. Suppose -3*q = -5*q - 10, 3*d - s*q = 632. What is the tens digit of d?
0
Let z(i) = 230*i**2 - 1292*i - 11. What is the ten thousands digit of z(12)?
1
Suppose 2*b - 7*b + 15 = -a, 5*a - 12 = -4*b. Suppose h - b*h + 6 = 0. What is the tens digit of (-16)/((h/(-3))/1)?
1
Let j(n) = n**2 + 13*n - 5. Let y be ((-2)/(-3))/(4/(-78)). Let o be j(y). What is the hundreds digit of (3 - (-695)/(-25))*o?
1
Let h(i) = -5*i - 13. Let q be h(-2). What is the tens digit of (-1405)/15*(-12 - q)?
4
Suppose 0 = -21*p + 8*p + 182. Let i be (p + -17)/(3/(-4)). Suppose i*h - 3*h = -5*t + 373, t - 80 = -2*h. What is the units digit of t?
4
Suppose 0 = -p - p. Suppose -12*t = -8*t - 136. Suppose p = -q + t + 92. What is the units digit of q?
6
Suppose 0 = -2*j - 0*j - 816. Let f(o) = 3*o + 25. Let h be f(-7). What is the units digit of 0 - 18/h*j/18?
2
Suppose -f - 16*f + 34255 = 0. Suppose 3*a = 5*s - f, 4*s + 2*a = -2*a + 1644. What is the tens digit of s?
0
Suppose 605*u - 29288 = 591*u. What is the thousands digit of u?
2
Suppose -r + 21*r = -33*r + 1038800. What is the tens digit of r?
0
Let j(c) be the second derivative of -c**3/3 + 289*c**2/2 + 58*c. What is the units digit of j(0)?
9
Let k be (-100)/(-26) + -2 - 20/(-130). Suppose 0 = -k*o + 50 + 146. What is the units digit of o?
8
Let i(x) = x - 22. Let t be i(2). What is the tens digit of t/4 + 167 + 6?
6
What is the tens digit of (-15)/((-720)/64) - (-44452)/6?
1
Let l(s) = s**3 + 41*s**2 + 56*s - 418. What is the thousands digit of l(-30)?
7
Let g = 194 - 190. Let k(j) = 75*j - 3. Let q be k(3). Suppose -g*h + 606 = -q. What is the units digit of h?
7
What is the tens digit of 9/(63/24448) + -5*15/(-175)?
9
Suppose -3*d = -c + 5 + 33, -2 = -2*d. Suppose 7196 = -13*a + c*a. What is the hundreds digit of a?
2
Let h be (-8678)/(-18) - 62/558. Let d = 95 + h. What is the hundreds digit of d?
5
Suppose 6*l + 53*l + 10089 = 0. Let j = 597 + -298. Let n = l + j. What is the tens digit of n?
2
Suppose -25*x + 143368 = -154957 - 42400. What is the hundreds digit of x?
6
Let h(w) = -2*w**3 - 2*w**2 + 7*w - 8. Let m be h(6). What is the tens digit of 450*8*(m/(-50) + -9)?
4
Let b(i) = 511*i + 888. What is the thousands digit of b(28)?
5
Suppose 4*t = -4*o + 24, -3*o + 3*t + 5 = 11. Suppose -6 = -0*k + 2*k + 2*q, 0 = 3*k - o*q + 24. What is the units digit of k/(-8) + 0 + (-23657)/(-164)?
5
Let o be 2 + 3 + (0 - -13). Suppose 11*m + o = 8*m. What is the hundreds digit of (590/15)/((-1)/m)?
2
Suppose -a - 2*a - 3 = 0, -4 = -o + 2*a. Suppose -8 = -o*c + 18. Let i(f) = -f**2 + 12*f + 15. What is the units digit of i(c)?
2
Let k(t) = 110*t + 858. What is the tens digit of k(44)?
9
Let v = 125 - 121. Suppose 0 = 3*o - 2*q - 1374, -5*o = -3*o + v*q - 900. What is the hundreds digit of o?
4
Let r(d) = -d**3 + 31*d**2 + 562*d - 5. What is the hundreds digit of r(-31)?
1
Let s(p) = -4*p + 48. Let k = 75 + -63. Let l be s(k). Suppose l = 12*g - 655 - 437. What is the units digit of g?
1
Suppose 4*g + 256 = -140. What is the units digit of (-12)/(-9)*(5 - g/(-36))?
3
Suppose 0 = 6*o + 3*o + 9*o - 33228. What is the thousands digit of o?
1
Let w = 17 - 17. Suppose w = -5*n + 6 + 139. Let d = n - -49. What is the tens digit of d?
7
Let c = -19772 - -41987. What is the tens digit of c?
1
Let m(y) = -y**3 - 34*y**2 + 297*y + 302. What is the thousands digit of m(-51)?
9
Let v(s) = -1029*s**3 - 80*s**2 + s + 16. What is the thousands digit of v(-3)?
7
Let y(h) be the second derivative of 17*h**3/3 - h. Let m(l) = 8*l**2 + 249*l + 34. Let k be m(-31). What is the units digit of y(k)?
2
Let i(p) = 15*p - 4. Let t be i(13). Let s = 287 - t. Suppose 4*a + 3*z = -s + 515, 0 = -2*a + z + 217. What is the hundreds digit of a?
1
Suppose 0 = -4*j - j + 20. Suppose 0 = 13*i + j*i - 1581. Let l = i - 55. What is the tens digit of l?
3
Let k be 2 - -16 - (1 + -3). Suppose -16 = 2*m - 3*m - 4*r, 5*r = -m + k. Suppose m = -7*n + 3*n + 308. What is the units digit of n?
7
Let a = 2 + 11. Suppose -4*u + 2 - 1 = -3*s, -2*u - 3*s = a. What is the tens digit of ((-104)/(-16))/(u/(-4))?
1
Let q be (3 - (1 - -5))*-1. Suppose -5128 + 871 = -33*m. Suppose 2*a - m = -q. What is the tens digit of a?
6
Let b(x) = x - 2. Let l be b(4). Suppose -5*q - 2*r + 5 = 0, -l*q - q + 4 = r. Suppose k = -q*k + 592. What is the hundreds digit of k?
1
Suppose 5*k - 3*p - 18222 = 1779, 0 = -5*k - 5*p + 19945. What is the thousands digit of k?
3
Let d be 1/(((-30)/12)/(-5)). Suppose 213 = d*r + a, -3*r = -3*a + a - 323. What is the hundreds digit of r?
1
Suppose -22*w = -215869 + 7155. What is the thousands digit of w?
9
Suppose -9*k + 7*k - 92 = 0. Let a = k + 98. Let j = -49 + a. What is the units digit of j?
3
Let r = 5313 - 2802. Suppose -36*d + 39*d - r = 0. What is the units digit of d?
7
Suppose 0 = 4*a + a + 15. What is the hundreds digit of (284 - 1/(1/a)) + -1?
2
Let d = -316 - -269. Suppose 4*m - j + 175 = -68, -m - 2*j - 63 = 0. Let f = d - m. What is the units digit of f?
4
Suppose -10765*j + 217710 = 5*g - 10763*j, 2*j = -4*g + 174170. What